(14)?
6
Suppose i = -5*h - 13, -15 + 4 = -i + h. Suppose 4*r = 5*y - 2, -3*r + 2*r + y = 0. Let t(n) = 5*n + 2*n**3 - n**2 - 2 + 5*n**2 - i*n**r - 2*n. Give t(2).
8
Let f be 72/(-10)*40/(-6). Suppose -30 = 45*n - f*n. Let s(v) = -v**3 + 9*v**2 + 8*v + 8. What is s(n)?
-12
Let s(w) = 21*w - 7*w - 34*w**2 - 24*w + 7*w**3 - 1 + 32*w**2 + 9*w. Suppose -r = -3*r + 4. What is s(r)?
45
Let u(t) = -3*t + t + 8*t - 3 - 2 + 17. What is u(-10)?
-48
Let l(t) = 54*t**2 + 327*t + 27. Let o be l(-6). Let f(n) = 65*n - 573. Give f(o).
12
Let g(r) = 35*r + 47 + 7 + 8*r**2 + 38 - 7*r**2. What is g(-32)?
-4
Suppose -5*u + 9 - 169 = 0. Let p = 36 + u. Let j(q) = -p*q**2 + q**2 + 3*q**2 + 4*q**2. Determine j(1).
4
Let j(n) = 1 + n**2 - 1 - 7*n + 1. Let o(t) = -31*t. Let g be o(-1). Suppose 9*f = g + 32. Calculate j(f).
1
Let m(q) = -q**3 - 13*q**2 - 14*q + 5. Suppose -2*y = -h - 12, 4*y = 3*h + 76 - 42. Calculate m(h).
-155
Let b(v) = -13*v + 3. Let u(h) = h. Suppose 0 = -5*s + 48*s - 43. Let m(w) = s*b(w) + 2*u(w). Give m(2).
-19
Let q(f) = -f - 13. Let j be q(-19). Suppose -r + j*r = -4*r. Let u(h) = h**2 + 8. Determine u(r).
8
Let g(a) = -113*a**3 - 21*a**2 - 20*a. Let q(z) = 320*z**3 + 63*z**2 + 60*z. Let b(j) = 17*g(j) + 6*q(j). Calculate b(22).
-44
Let j be ((-10)/(-6) + -1)*(-32 + 5). Let f be 5 - 6/j*-15. Let k(h) = -5 + 11 - 4*h + 3*h. Give k(f).
6
Suppose -5*d - 5*v - 40 = -0*d, 0 = -2*d - v - 13. Let b(m) = m + 1. Let c(r) = -r. Let k(t) = d*c(t) - 4*b(t). Let q = 10 - 7. Calculate k(q).
-1
Let r(z) = -z + 12. Suppose 21*t = 17*t + 240. Let a = t - 46. What is r(a)?
-2
Let g(t) = t**2 + 3*t. Suppose -103*r + 2430 = -97*r. Suppose -7*a - r = -363. Calculate g(a).
18
Let j(b) = -17 + 1 - 4572*b + 4588*b. Determine j(2).
16
Let f(x) be the second derivative of x**4/12 - 4*x**3/3 + 21*x**2/2 + 712*x. What is f(7)?
14
Let c = 219 - 687. Let i = c - -464. Let a(m) be the first derivative of -m**2 + m - 1. What is a(i)?
9
Let v(a) = -469*a + 2. Let i(h) = -555*h + 3. Let x(l) = -5*i(l) + 6*v(l). Determine x(-3).
114
Let k(q) be the third derivative of -q**4/8 + 7*q**3/6 - 37*q**2. Suppose -10 = -3*y - 2*y, 5*f = -4*y - 22. What is k(f)?
25
Let q(k) be the third derivative of -k**4/3 - 7*k**3/2 - 1515*k**2. Calculate q(-2).
-5
Suppose 21*k + 36 = 27*k. Let s(c) = -42*c**2 + 1 + 90*c**2 - 47*c**2. Determine s(k).
37
Let s(z) = 7*z**3 + 5*z**2 - 36*z + 1. Let g(p) = 4*p**3 + 3*p**2 - 20*p + 3. Let d(y) = 5*g(y) - 3*s(y). Determine d(3).
9
Suppose -51 = -29*g - 16*g + 62*g. Let f(u) be the second derivative of u**4/4 - u**3/6 + u**2/2 - u. Determine f(g).
31
Let v(u) = 24*u**3 + u**2 - 1. Let n(p) = -p**3 - 6*p**2 + 20*p + 31. Let i(o) = -o**2 + 8*o + 1. Let b be i(9). Let m be n(b). Give v(m).
-24
Let b(t) = 9*t + 4. Let d = 186 - 350. Let i = d - -161. Determine b(i).
-23
Let i be -10*(472/80 - 6). Let a(w) = -5*w**2 - 5*w + 3. Give a(i).
-7
Suppose -9*q = -5*q + 4*r + 4, 2*q = 16*r - 56. Let g(k) be the third derivative of k**6/120 + k**5/12 + k**4/4 + k**3 - 2*k**2. Calculate g(q).
-2
Let m(k) = -k**2 - 5*k + 6. Let d = -44 + 44. Suppose z = -t - 88, 5*z + 0*t + 4*t + 436 = d. Let w = z + 78. Give m(w).
0
Let k(q) be the first derivative of -11*q**2/2 - 51*q + 8422. Determine k(-4).
-7
Let t(c) = 5*c + 0 + 2*c**2 - c**2 + 0 - 1. Suppose 5*j - 30 = -10, -5*h + 76 = -j. Suppose 19*u - h*u = -3*q - 6, 4*u = -q + 10. Calculate t(q).
5
Suppose 5*z - 7*z = 0. Let a be (z - 18/(-21))/(1/(-7)). Let j(b) be the third derivative of -b**6/120 - b**5/10 + b**4/12 - b**3/2 - b**2. Determine j(a).
-15
Let w(d) = -3 + 5*d + 6*d + 4 + 0. Let s be w(1). Let y(c) = -12 + 21 - s - c. Determine y(-3).
0
Let o be (15/(-2))/(4 - (-154)/(-28)). Let s(v) = 9*v**3 - 17*v**2 + 12*v - 19. Let r(x) = -5*x**3 + 9*x**2 - 6*x + 10. Let i(h) = 7*r(h) + 4*s(h). Give i(o).
24
Let r(p) = -2*p - 2*p**3 + 16*p**2 - 12*p**3 + 1 + 20*p. Let t(i) = -5*i**3 + 6*i**2 + 6*i. Let h(v) = -6*r(v) + 17*t(v). Give h(5).
-11
Let l = -62 - -65. Suppose 2*k - 6 = -x - 2, -k + l*x = 12. Let b(t) = 3*t - 5 - 6*t + 2*t. What is b(k)?
-5
Let h(o) = 2*o + 5 - 5. Let r(d) = -41*d + 21. Let u be r(1). Let i = u + 15. Calculate h(i).
-10
Let n(r) = -3*r**2 - 5*r - 4. Let f(g) = -22*g + 6*g**3 - 16*g**2 - 127 - 7*g**3 + 79 + 4*g. Let k be f(-15). Calculate n(k).
-16
Let g be 78/(31 + -18) + 1*2 + 1. Let r(k) = -k + 7. Give r(g).
-2
Let p(s) be the second derivative of -51*s + 1/12*s**4 - 1/6*s**3 - 1 + 3/2*s**2. What is p(0)?
3
Let j(a) be the first derivative of a**5/20 - a**4/2 + 2*a**3/3 + 5*a**2 + 64*a + 63. Let c(y) be the first derivative of j(y). Determine c(5).
5
Let r(t) be the third derivative of -7/6*t**3 + 0 - 1/120*t**6 - 1/12*t**5 + 100*t - 2*t**2 + 5/24*t**4. What is r(-6)?
-1
Suppose 11*t = 3*t - 472. Let h = 67 + t. Let b(c) = 9*c + 5 - 29*c + 13*c + h*c. Calculate b(-3).
2
Let j(t) be the second derivative of t**5/20 - 5*t**4/4 - 11*t**3/2 - 6*t**2 - 64*t. Give j(17).
5
Suppose 0 = -5*d - 4*p - 138, 131 = -5*d + 109*p - 112*p. Let u(w) = -w**2 - 21*w + 27. Give u(d).
5
Let v(g) = g**3 + 3*g**2 - 3*g - 4. Suppose -11*r + 12*r - 3 = 0. Let h(x) = -x + x - 2*x + x**3 + 6 + 5*x + r*x**2. Let o be h(-3). Give v(o).
5
Let i(r) = 92*r**2 + 1. Let y be i(1). Let m be y/(-9) - (-2)/(-3). Let d(k) be the third derivative of -k**5/60 - k**4/2 - 5*k**3/3 + 862*k**2. What is d(m)?
1
Let b(s) = s**2 - 30*s - 9. Suppose -4*f = 267*w - 265*w - 52, w - 5*f - 40 = 0. Determine b(w).
-9
Let o(m) = 23*m**3 - 48*m**2 - 6*m - 58. Let x(g) = -16*g**3 + 32*g**2 + 3*g + 39. Let j(q) = 5*o(q) + 7*x(q). Give j(6).
1
Let a(n) = -8 + 2*n - 5*n + 2*n. Suppose -y - 23 = v, -5*v - 2*y = -66 + 175. Let u be 3/18 - v*7/(-18). Determine a(u).
0
Let n(b) be the first derivative of 5/2*b**2 - 4*b - 3. Calculate n(6).
26
Let r(m) = 5*m - 88. Let j = -43001 - -43018. Calculate r(j).
-3
Suppose 5 = 5*z, 4*c - 4*z + 42 = 50. Let p(r) = -2*r**3 + 3*r**2 + 2*r + 4. Calculate p(c).
-17
Let p(d) be the third derivative of 1/30*d**5 + 1/3*d**4 + 0 - 7/6*d**3 + 0*d + 51*d**2. What is p(-7)?
35
Let k(y) = -18*y + 52. Suppose -3*o - 4*z - 11 = 0, 0 = -2*o - 5*z - 0*z - 19. Let h be k(o). Let p(l) = -5*l**2 - 2*l - 3. Calculate p(h).
-19
Suppose -38*p = -20*p - 54. Let r(s) = -63*s**2 + s + s**p + 116*s**2 - 67*s**2 - 10. Calculate r(14).
4
Let o = -5088 - -5080. Let n(p) = p**2 + 13*p + 19. Calculate n(o).
-21
Let x(s) = 2 + 44 - 12 - 20*s + 51 - 1. Determine x(4).
4
Let y(h) = 2*h**2 + 3*h - 27. Suppose -16 = 2*t - 10, -5*t = 2*b + 23. Calculate y(b).
-7
Let i(z) = -2*z**2 + 6*z - 5. Let j(o) = o + 3. Let x(r) = -2*r - 7. Let y(a) = -5*j(a) - 2*x(a). Let t be y(-4). Give i(t).
-5
Let n(p) = -73979 + 36982 + 36988 + 3*p. Give n(0).
-9
Let f(v) = 6*v**2 - 7*v**2 - 26 + 95 - 12*v. Let b be f(4). Let s(d) = -4*d + 13. Calculate s(b).
-7
Let u(b) = -b**3 + 6*b**2 - 22*b + 61. Let x be u(4). Let s(h) = h**2 - 19*h + 70. Calculate s(x).
0
Suppose -v - 501 = -513. Suppose 24*h = 28*h - v. Let f(r) = -3*r**2 - r + 3. Give f(h).
-27
Let t = -21 - -28. Suppose -11 = -i - t. Let x(p) = 6 - 2*p - i + 5*p + 0*p. Determine x(-4).
-10
Let m be -3*((-6)/2 + (-17)/(-3)). Let z(b) = -31*b**2 - 38*b + 8. Let v(f) = -11*f**2 - 14*f + 3. Let i(r) = -17*v(r) + 6*z(r). Determine i(m).
-19
Let y(x) = -601*x**2 + 96 - 3*x + 602*x**2 - 160. Give y(0).
-64
Let k(p) = p**2 + 10*p + 1. Suppose 0 = -5*w - 3*r + 11, -5*w = -4*r - 18 - 14. Suppose x = 3*a + 32, 8*a - 10*a = w*x + 12. Calculate k(a).
1
Let t(k) = 3*k**3 - 22*k**2 + 4*k + 21. Let c be t(7). Let z(s) = 2*s - 6. Give z(c).
-6
Let x(t) = -4*t - 8*t - 7*t - 16*t + 43*t + 2. Calculate x(3).
26
Let z be (34 + 2)*(-72)/12. Let c = 215 + z. Let b(l) = 3*l**2. What is b(c)?
3
Let w = 275 + -272. Suppose v + 3 - 39 = -4*r, 5*r + w*v - 45 = 0. Let z(t) = t**2 - 9*t + 4. Give z(r).
4
Let b(o) = o**2 + 7*o - 1. Let h = 104 + -55. Suppose 0 = -y - 4, a + h = 9*y - 6*y. Let r = a + 55. Calculate b(r).
-7
Let w be (23 - 2)*(-3)/(-9). Let n(t) = 19*t**2 - 1 - w + 6 - 4*t - 17*t**2. Give n(3).
4
Let w(l) = 9*l**2 - 2*l - 3. Let d(z) = -10*z**2 + 15*z + 29. Let h(i) = -d(i) - w(i). Give h(14).
-12
Let q(z) = -4*z**3 - 116*z**2 + z + 36. Let d be q(-29). Let b(l) = l**3 - 4*l**2 - 4*l - 11. Determine b(d).
108
Let h(x) = -x**2 - 7